*3 + 17*b**2 - 9*b + 4. Give a(16).
116
Let y(r) = 24*r**3 - 2*r + 1. Determine y(1).
23
Let x(n) = n**3 + 2*n**2 + n. Give x(-2).
-2
Let v(a) = -a**3 - 6*a**2 + 8*a + 5. What is v(-6)?
-43
Let v(r) = 5*r**3 + 3*r**2 + 7*r - 10. What is v(3)?
173
Let m(g) = g**3 - 15*g**2 + 31*g - 22. What is m(12)?
-82
Let a(n) = n**2 + 17*n - 24. Determine a(-19).
14
Let m(c) = c**2 - 17*c + 18. Determine m(10).
-52
Let v(x) = -5*x + 1. Determine v(-1).
6
Let d(y) = -y**2 + 26*y - 153. Calculate d(18).
-9
Let s(k) = -2*k**2 - 8. What is s(-5)?
-58
Let n(b) = -4*b - 16. What is n(-4)?
0
Let c(p) = -p**3 - 7*p**2 + 12*p + 17. What is c(-8)?
-15
Let p(k) = -k**3 + 26*k**2 + 58*k - 32. Give p(28).
24
Let y(h) = 18*h - 405. What is y(22)?
-9
Let g(l) = 9*l**2 - l - 2. Determine g(-1).
8
Let p(b) = -b**3 + 9*b**2 + 7*b + 13. What is p(10)?
-17
Let o(w) = 2*w**3 - 29*w**2 - 52*w + 68. What is o(16)?
4
Let w(j) = 11*j - 3. Calculate w(2).
19
Let k(f) = -f**3 - 18*f**2 - 36*f + 25. Give k(-16).
89
Let v(b) = b**3 + 14*b**2 - 4*b - 11. Calculate v(-14).
45
Let l(s) = 57*s - 55. Calculate l(1).
2
Let s(x) = 2*x + 8. Give s(-7).
-6
Let z(n) = n + 1. Give z(3).
4
Let d(n) = -2*n**2 + 6*n - 11. Give d(2).
-7
Let z(b) = b**3 + 6*b**2 - 6*b. What is z(-6)?
36
Let q(v) = 16*v - 104. What is q(6)?
-8
Let v(s) = -5*s - 30. Calculate v(-6).
0
Let b(d) = d + 15. What is b(-13)?
2
Let p(j) = -j**2 + 179*j - 1371. Calculate p(8).
-3
Let i(g) = -g**3 + 33*g**2 + 69*g + 43. Calculate i(35).
8
Let f(r) = -10*r - 6. Calculate f(4).
-46
Let q(c) = -3*c + 12. Determine q(2).
6
Let s(w) = 2*w**3 + 15*w**2 - 23*w + 35. What is s(-9)?
-1
Let n(t) = t**2 + 3*t. Determine n(-4).
4
Let x(z) = 10*z - 304. Determine x(32).
16
Let y(z) = -2*z + 11. What is y(6)?
-1
Let g(k) = 3*k - 6. Give g(3).
3
Let c(z) = 5*z - 89. Give c(16).
-9
Let k(b) = -b**2 - 50*b - 51. Calculate k(-49).
-2
Let c(f) = 2*f**2 - 42*f - 46. Give c(22).
-2
Let l(k) = k**3 - k**2 + 1. Determine l(-3).
-35
Let r(z) = 4*z**2 + 107*z - 36. Determine r(-27).
-9
Let o(s) = 8*s + 2. Determine o(-3).
-22
Let z(n) = n**3 - n**2 + 6. Calculate z(0).
6
Let c(g) = -2*g**3 + 4*g**2 - 10*g + 6. What is c(4)?
-98
Let z(f) = -2*f**2 + 39*f - 126. Calculate z(15).
9
Let v(q) = -18*q**2 - q - 4. Give v(-2).
-74
Let g(j) = j**2 - 16*j + 51. Calculate g(3).
12
Let y(r) = 5*r**2 + 11*r + 6. Calculate y(-2).
4
Let x(n) = n**3 - 12*n**2 + 19*n + 5. What is x(10)?
-5
Let h(l) = -l**2 + 13*l - 25. Calculate h(11).
-3
Let t(n) = 4*n + 87. Give t(-22).
-1
Let b(g) = 37*g + 1. Give b(2).
75
Let l(d) = d**2 - 4*d - 1. Give l(4).
-1
Let g(k) = k**3 + 16*k**2 + 4*k + 9. What is g(-16)?
-55
Let p(y) = y + 2. Give p(5).
7
Let u(m) = -6*m**2 + 91*m - 7. Calculate u(15).
8
Let t(s) = -s + 3. Determine t(-3).
6
Let d(a) = -15*a - 1. Determine d(1).
-16
Let g(k) = -k**2 + 3*k + 35. Give g(5).
25
Let a(f) = 3*f**2 - 7*f + 5. Determine a(2).
3
Let t(k) = -10*k - 61. Give t(-14).
79
Let x(v) = 2*v + 21. What is x(-14)?
-7
Let u(x) = 23*x**2 + 116*x - 2. What is u(-5)?
-7
Let g(z) = 2*z**2 + 2*z + 1. Give g(-2).
5
Let d(y) = y**2 + 5*y + 4. Determine d(-3).
-2
Let j(i) = 2*i**2 - 12*i - 18. What is j(7)?
-4
Let z(y) = -23*y**2 + y - 5. Give z(3).
-209
Let c(d) = 7*d - 16. Give c(6).
26
Let x(d) = d**2 + 11*d + 10. Calculate x(-10).
0
Let v(f) = f**3 + 19*f**2 + 27*f + 166. What is v(-18)?
4
Let t(g) = -g - 3. Determine t(3).
-6
Let r(l) = -12*l**3 + 5*l**2 - 4*l. Calculate r(1).
-11
Let k(i) = -2*i**3 + 15*i**2 - 21*i + 12. Give k(6).
-6
Let q(a) = a**3 - 4*a**2 - 4*a + 22. Determine q(4).
6
Let n(m) = -4*m + 17. Determine n(5).
-3
Let q(p) = 5*p**2 + 95*p - 3. What is q(-19)?
-3
Let o(j) = -4*j + 6. Give o(6).
-18
Let t(k) = -4*k**2 + 3*k - 2. Give t(1).
-3
Let g(a) = 3*a**2 + 63*a + 1. Calculate g(-21).
1
Let q(p) = p**2 + p - 1477. Determine q(38).
5
Let x(i) = -i**2 - 15*i - 8. Give x(-15).
-8
Let l(o) = 2*o**2 + 10*o + 3. Calculate l(-7).
31
Let c(a) = -3*a**2 - 8*a - 2. Determine c(-6).
-62
Let c(x) = 6*x + 2. Give c(8).
50
Let p(y) = -2*y**2 - 24*y + 11. What is p(-13)?
-15
Let p(s) = 4*s + 16. Determine p(-3).
4
Let i(s) = -3*s**2 - 9*s - 5. What is i(-2)?
1
Let u(g) = -18*g - 89. Determine u(-5).
1
Let s(d) = 2*d**2 + 62*d + 54. Calculate s(-28).
-114
Let r(n) = 2*n**2 + 26*n + 18. Determine r(-12).
-6
Let p(h) = 4*h**2 + 19*h + 5. Determine p(-5).
10
Let n(b) = 29*b + 2. What is n(1)?
31
Let p(z) = z**2 + 19*z + 10. Give p(-6).
-68
Let f(k) = 3*k + 21. Calculate f(-18).
-33
Let u(z) = 6*z - 13. Give u(4).
11
Let r(o) = -o**3 + 26*o**2 - 49*o + 32. Give r(24).
8
Let i(c) = -2*c**3 - 32*c**2 - 28*c + 23. Determine i(-15).
-7
Let f(y) = 2*y**3 + 6*y**2 + 2*y + 6. Determine f(-4).
-34
Let a(u) = -u**3 - 2*u**2 + 4*u - 1. What is a(-4)?
15
Let m(d) = 2*d**2 - 13*d - 8. What is m(7)?
-1
Let f(h) = -55*h + 1. Calculate f(1).
-54
Let p(y) = -2*y**2 + 3*y + 4. Calculate p(-2).
-10
Let h(v) = -3*v + 14. What is h(7)?
-7
Let z(p) = -p**2 - 5*p + 13. What is z(-9)?
-23
Let j(f) = 8*f + 58. What is j(-7)?
2
Let c(t) = t**3 - 7*t**2 - 9. Determine c(7).
-9
Let f(d) = -d**3 - d**2 + 6*d + 5. What is f(-3)?
5
Let z(g) = g + 3. Give z(5).
8
Let g(n) = -n**3 + 4*n**2 - 3*n - 1. Determine g(3).
-1
Let w(j) = j**3 + 5*j**2 + 3*j - 1. What is w(-3)?
8
Let o(y) = 2*y**2 - 7*y - 17. What is o(-8)?
167
Let i(r) = 7*r - 13. What is i(-7)?
-62
Let p(y) = 3*y**2 + 6*y - 1. Calculate p(-3).
8
Let z(g) = g - 32. What is z(37)?
5
Let y(d) = d**3 + 23*d**2 + d + 21. Give y(-23).
-2
Let u(y) = y + 6. Calculate u(-7).
-1
Let b(o) = 86*o - 1. Calculate b(-1).
-87
Let b(i) = 5*i**3 - i**2 - 6*i - 3. Give b(-1).
-3
Let p(b) = b**3 - 2*b**2 + b. What is p(0)?
0
Let u(r) = r**3 + 41*r**2 + 37*r - 124. Determine u(-40).
-4
Let y(s) = s - 11. Give y(28).
17
Let w(h) = 2*h - 13. Calculate w(0).
-13
Let v(d) = -3*d**2 + 6*d. Determine v(4).
-24
Let w(f) = 3*f + 9. Determine w(6).
27
Let c(w) = 13*w + 74. Determine c(-6).
-4
Let l(z) = z**2 - 14*z + 4. What is l(14)?
4
Let j(b) = -10*b + 386. What is j(38)?
6
Let p(u) = u + 2. What is p(2)?
4
Let o(f) = 5*f - 4. Give o(3).
11
Let o(q) = -6*q**2 - 8*q + 10. Determine o(3).
-68
Let v(g) = g**2 + 8*g + 7. Give v(-1).
0
Let r(o) = -o - 19. What is r(13)?
-32
Let z(o) = -o**3 - 15*o**2 + 14*o - 10. Give z(-16).
22
Let c(f) = f**3 + 8*f**2 + 9*f + 7. Determine c(-6).
25
Let c(m) = -5*m + 190. What is c(37)?
5
Let d(g) = -2*g**3 - 36*g**2 + 2*g - 9. Give d(-18).
-45
Let a(j) = j**2 + 11*j + 26. Determine a(-5).
-4
Let j(d) = d**3 + 6*d**2 - 3*d - 4. What is j(-6)?
14
Let a(x) = -3*x**3 - 19*x**2 + 11*x. Give a(-7).
21
Let u(k) = k**3 - 24*k**2 - 51*k + 1. What is u(26)?
27
Let y(x) = 4*x**2 + 3*x. Give y(-2).
10
Let m(i) = i**3 + 3*i**2 + 2*i + 12. Determine m(-3).
6
Let o(p) = 3*p + 1. Calculate o(-8).
-23
Let l(b) = 6*b - 10. Give l(0).
-10
Let m(y) = y**3 + 2*y**2 - 2*y + 4. What is m(5)?
169
Let u(y) = y**3 + 8*y**2 + 2*y - 9. Calculate u(-7).
26
Let z(i) = -6*i**3 - i**2 + 3*i + 3. Calculate z(-2).
41
Let s(g) = g**3 - 2*g**2 - 64*g - 2. Determine s(-7).
5
Let f(x) = -x**3 + 17*x**2 + 19*x - 22. Determine f(18).
-4
Let u(n) = 2*n**3 - 9*n**2 - 5*n + 1. Give u(5).
1
Let l(c) = c**3 - 2*c**2 - 5*c - 9. Give l(-2).
-15
Let n(v) = 71*v + 999. Calculate n(-14).
5
Let o(m) = m - 29. Give o(22).
-7
Let q(s) = -3*s + 4. Calculate q(-7).
25
Let k(o) = o**2 + o + 7. Determine k(0).
7
Let r(h) = 11*h - 3. Calculate r(1).
8
Let y(n) = -31*n + 1. What is y(-1)?
32
Let p(v) = 2*v**3 - 5*v**2 + 6*v - 2. Determine p(2).
6
Let o(j) = -j**3 + 106*j**2 - 107*j + 203. Give o(105).
-7
Let x(v) = v**2 + 2*v + 22. Calculate x(0).
22
Let t(l) = l**2 - 6*l + 1. What is t(8)?
17
Let x(b) = -18*b + 2. What is x(3)?
-52
Let i(g) = -g**3 + g**2 + 7*g - 2. Calculate i(5).
-67
Let m(d) = d**3 + 8*d**2 + 12*d - 4. Determine m(-6).
-4
Let a(o) = -3*o + 12. What is a(2)?
6
Let k(y) = -2*y**2 - y - 44. Determine k(0).
-44
Let n(b) = -3*b**3 + 16*b**2 - 2*b - 6. Calculate n(5).
9
Let h(t) = t**3 - 14*t**2 + 19*t - 16. Calculate h(13).
62
Let u(n) = -2*n**2 + 7*n + 1. Determine u(6).
-29
Let m(j) = -4*j**3 - j**2 - 2*j + 2. What is m(-3)?
107
Let a(k) = -5*k - 8. Determine a(4).
-28
Let j(o) = -26*o + 20. Calculate j(-3).
98
Let c(g) = 2*g**2 + g + 8. Determine c(6).
86
Let q(j) 